 u?
2, 7
Let l = 34 + 153. List the prime factors of l.
11, 17
Suppose 3*i - 89 = 73. Suppose 0 = 2*w + 6, -z + 5 = -3*w - i. Suppose 0 = 2*x + 3*x - z. List the prime factors of x.
2, 5
Let p be (6/(-4))/(3/78). Let c = p - -58. Suppose 0 = 2*o + 7 - c. What are the prime factors of o?
2, 3
Let h be (-3)/(1 + (-10)/4). Suppose h*f - 4*j + 0*j = 20, -4*f = 4*j - 4. List the prime factors of f.
2
Suppose 0 = -2*i + 3*i - 3. Suppose 0 = 5*s - i - 27. What are the prime factors of s?
2, 3
List the prime factors of 4/(-8)*868/(-7).
2, 31
List the prime factors of 3576/60 - 6/10.
59
Let y(l) = -l**3 - l**2 + 1. Let p be y(-1). Let a = -1 + p. Suppose n - 7 + 0 = a. List the prime factors of n.
7
Let t = -7 - -11. Suppose -s + 6 = m, -t*m + 0*s + 3*s = -24. List the prime factors of m.
2, 3
Let n = 7 + -12. Let r(l) = 3 - l**2 + 2 - 123*l + 128*l + 2*l**2. What are the prime factors of r(n)?
5
Suppose o + 5 = 2. Let c(q) = -9*q + 2. What are the prime factors of c(o)?
29
Let x be (-2)/(-4*3/114). Suppose w - x = -j, w + 7*j - 2*j - 19 = 0. Let q = 27 - w. What are the prime factors of q?
2
Let q be (8/3)/(6/9). Suppose 0*f = -2*f + q. What are the prime factors of f?
2
Suppose 2 = 4*r - 2*r. Suppose -2*a = r - 115. List the prime factors of a.
3, 19
Let w be -63*(-1 + 0)/3. Suppose 4*r - 3 = w. What are the prime factors of r?
2, 3
Let v = 65 - 23. What are the prime factors of v?
2, 3, 7
Let z(q) = -4 - q - 3*q + 0 - 2. List the prime factors of z(-4).
2, 5
Suppose 2*o + 2*h - 120 = 38, 5*o = 3*h + 355. Suppose -2*x + o = -4*y, 3*y + 2*y - 37 = -x. Suppose 0 = -2*k + x - 3. List the prime factors of k.
17
Suppose 0 = 3*a + 154 - 529. What are the prime factors of a?
5
Let b(p) = -p + 5. Let z = -3 + 7. Let w be b(z). List the prime factors of 7/7 + w + 21.
23
Let b(p) = -p - 2. Let v be b(-4). Suppose 0 = v*h - 5*h. List the prime factors of (-5 + h)*(5 - 6).
5
Let j = 14 + 18. List the prime factors of j.
2
Let d = -112 - -313. List the prime factors of d.
3, 67
Suppose 0 = -0*q + 3*q + 5*r - 14, 0 = -3*q - r + 10. Suppose 4 = -w + q*n, 2*w = n + 3*n. What are the prime factors of w?
2
Let k(p) = p**2 - p - 6. Let f be 2/(-2)*(4 - -1). Let x be k(f). Suppose -q + x = 2*q. List the prime factors of q.
2
Let b(r) = -2*r - 3. Let s be b(-3). Let v = 58 + 0. Suppose 5*f = -5*a + 90, s*f + 2*a - v = -3*a. What are the prime factors of f?
2
Let s(k) = 2*k + 10*k**3 - 11*k**3 + k**2 + 4*k**2 - 1 - 2*k**2. List the prime factors of s(-2).
3, 5
Suppose -5*w - 4*m + 35 = 0, 5*w + 2*m - 16 = 9. Suppose -w*b - 4 = -4*b. Suppose -5*r + b*r + 5 = 0. What are the prime factors of r?
5
Suppose -2*h + 76 = -30. List the prime factors of h.
53
Let m = 32 + -8. Suppose m = 2*s + 4. What are the prime factors of s?
2, 5
Let s = -4 - -5. Let j(z) = 38*z**3 - 2*z + 1. What are the prime factors of j(s)?
37
Let i(x) = -x**3 + 5*x**2 - 4*x + 3. Suppose -3*b = -b - 8. Let v be i(b). Suppose -a = -15 + v. What are the prime factors of a?
2, 3
Let b = 1 + 7. Let t(h) = -h**2 + 10*h - 5. Let n be t(8). Let l = n - b. List the prime factors of l.
3
Let x(z) = 15*z**2 + z. List the prime factors of x(-2).
2, 29
Let q(s) = -s**2 - 14*s + 18. List the prime factors of q(-9).
3, 7
Suppose -2*i = -2*t - 2, -5 = -i - 2. Let c = t - 3. What are the prime factors of (-2)/4*18/c?
3
Suppose -6*d + 20 = -d. Let p(n) = n**3 - n**2 + 8. Let q(z) = -2*z**3 + z**2 - 17. Let x(g) = -9*p(g) - 4*q(g). What are the prime factors of x(d)?
2, 3
Let b = 16 - -26. Let o = b + -26. What are the prime factors of o?
2
List the prime factors of -5*(-2)/(-2)*-1.
5
Let p(g) = g**2 + 12*g - 6. List the prime factors of p(-14).
2, 11
Suppose p - 14 - 25 = -2*y, -2*p + 5*y + 123 = 0. List the prime factors of p.
7
Suppose 4*q = 277 + 595. What are the prime factors of q?
2, 109
Suppose -3*f - 6 = -5*f. Suppose f = -5*l - 2, v - 11 = -2*l. List the prime factors of v.
13
Suppose 4*m = -0*m - 8. What are the prime factors of 12/8*m - -33?
2, 3, 5
Let w(z) = z**3 - 10*z**2 + 11*z. Let u be w(9). Let x = u - 13. What are the prime factors of x?
5
Suppose -9*y + 14*y + 5*p - 935 = 0, 4*y - p - 763 = 0. List the prime factors of y.
2, 5, 19
Let g(r) be the first derivative of 4*r**3/3 - r**2/2 + 1. Let v = -6 + 5. List the prime factors of g(v).
5
Suppose 4*n - 18 = j + 4*j, 16 = 5*n - 3*j. Suppose 0 = 3*u + n*m - m - 54, -m = u - 16. List the prime factors of u.
19
Suppose t = 2*t - 4*y - 20, 0 = 4*t + 4*y - 100. What are the prime factors of t?
2, 3
Suppose -8 = -0*y + 2*y, 25 = -q - 2*y. Let k = q + 24. List the prime factors of k.
7
Suppose -2*p + 0*f + 8 = f, -2*p + 5*f = -8. Let o(q) = -q**3 - 5*q**2 + 5*q - 3. Let t be o(-6). What are the prime factors of 5*t*p/10?
2, 3
Let g = 76 - 39. What are the prime factors of g?
37
Suppose 4*q = -16, -b - q = b + 54. Let g = b - -53. What are the prime factors of g?
2, 7
Let c(m) = -m + 9. Let b be c(7). Suppose -6 - b = -4*h. What are the prime factors of (-2 + 5)*4/h?
2, 3
Let w(n) = -4*n - 1. Let q be w(-1). Suppose 5 = -4*g + q*g. List the prime factors of (-1)/5 - 56/g.
11
Suppose 13 = -5*v + 58. Suppose v = 3*m, 2*j - 2*m - 93 = -5*m. What are the prime factors of (7/(-21))/((-2)/j)?
7
Let f(a) be the third derivative of a**5/60 - 2*a**3/3 + a**2. Let i be f(0). Let k(z) = z**3 + 6*z**2 + 7*z + 6. List the prime factors of k(i).
2, 5
Let h(a) = -13*a**3 + a**2. Let l be h(1). Let k = l - -17. Suppose 4*z - 6 = m, 5*z - 22 = -k*m - 2. List the prime factors of m.
2
Suppose q + 11 = -q - 5*c, -2*q + 4*c + 34 = 0. What are the prime factors of q?
7
Suppose -f + u + 14 = 0, 3*f - 13 - 27 = 5*u. Suppose 0 = -4*j - 5*w + f, -4*j + 5*w - 16 = -41. List the prime factors of j.
5
Let o(j) = -6*j - 8. What are the prime factors of o(-9)?
2, 23
Suppose q = -x + 6, 2 - 12 = -3*q - x. Suppose 53 = s + 2*n, -6*s + s + q*n + 301 = 0. Suppose -d = a - 9, -3*a + 6 = -5*d + s. List the prime factors of d.
2, 5
Suppose -p = 4*u + 14, -p + 2*u + 3*u + 4 = 0. Let g = 0 - p. What are the prime factors of g?
2, 3
Let o = -14 - -16. List the prime factors of (o + (-56)/20)*-10.
2
Let v(z) = -z**3 - 4*z**2 + 3*z - 6. Let y be v(-5). Let d(i) = i + 2*i - y - 5*i. List the prime factors of d(-5).
2, 3
List the prime factors of 170/(2 + 0) + 2.
3, 29
Let i be 4*1*20/(-8). Let d be 5/(i/(-12)) + -2. List the prime factors of 1/(-4) + 45/d.
11
What are the prime factors of 6/10*(4 + 1)?
3
Suppose -79 = -4*y - 3*t + 20, 0 = 4*y - 2*t - 94. Let x(v) = v + 1. Let b be x(4). List the prime factors of b*y/(-10)*-1.
2, 3
Let v(x) be the second derivative of 0 - 3*x + 1/12*x**4 - 7/6*x**3 + x**2. List the prime factors of v(8).
2, 5
Let k(f) = f**2 - f + 21. What are the prime factors of k(0)?
3, 7
Let y(i) = i - 1. Let t be y(7). Suppose 2*z - 5*g = t, -5*z + 5*g - 1 + 16 = 0. Suppose -10 = -z*v + 11. What are the prime factors of v?
7
Let w = -5 - -8. Suppose 25 = -3*g + 124. What are the prime factors of g/w - (-1 + 2)?
2, 5
Suppose 0 = 4*j + u - 0*u + 47, 5*u = 5. Let i(m) = m**3 + 12*m**2 + 1. Let k be i(j). What are the prime factors of 4 + -4*k/(-2)?
2, 3
Let s(g) = -g + 10. Let z be s(6). Suppose z*v - 16 - 16 = -2*n, -5*n = 5*v - 30. List the prime factors of v.
2, 5
Let c be (5 - 3)*(-5)/(-2). Suppose 7*u - 3*u - 38 = 3*z, -c*z - 25 = u. What are the prime factors of 4/z + (-14)/(-3)?
2
Let c(o) = -o**2 + 32*o. List the prime factors of c(17).
3, 5, 17
Suppose 3*v = -v - 24. List the prime factors of 2 + (-3)/(v/20).
2, 3
Let r be (-1 + (-3)/3)*-2. Let b(a) = a**3 + 0*a**3 + r*a**2 - a - a**2 + 4. What are the prime factors of b(-3)?
7
Let l(p) be the third derivative of p**5/60 + 4*p**3/3 - 4*p**2. What are the prime factors of l(5)?
3, 11
Suppose 3*n = 2*n - 60. Let v be n/(-27)*6*-3. Let x = v + 56. List the prime factors of x.
2
Let q be ((-5)/2)/(1/(-2)). Let f be 1/q + 72/15. Suppose 20 + 29 = 3*w + v, 5*w + f*v = 65. List the prime factors of w.
2, 3
Suppose -2*y - a = 3*y - 177, 4*a + 97 = 3*y. List the prime factors of y.
5, 7
What are the prime factors of -3*(222/(-36))/((-2)/(-44))?
11, 37
Let p(v) = v + 16. Let g be p(-17). What are the prime factors of 8 + -4 - 3*g?
7
Let t(g) = g**3 - 7*g**2 + 7*g + 1. Let s(i) = i**3 + i**2 - i + 4. Let x be s(-4). Let h be 7*(-2 - x